 Suppose -p*v + 15 = z. Calculate the greatest common divisor of v and 24.
6
Let x be ((-21)/(-7))/(1/3). Let n(u) = -x + 5*u - 8*u - 9*u + 3. Let c be n(-6). Calculate the greatest common divisor of 44 and c.
22
Let n(c) = 297*c**3 - c**2 + c + 1. Let b be n(-1). Let z = -201 - b. Suppose -3*u - 13 = -z. What is the highest common factor of 4 and u?
4
Let h be ((-1)/3)/(-4 + (-39)/(-9)). Let w be (142/(-8) - (-2)/(-8))*h. Let t = 113 - 23. Calculate the highest common divisor of t and w.
18
Suppose 0 = 43*l - 6224 - 4741. Calculate the greatest common divisor of 90 and l.
15
Suppose -10 + 28 = 2*a. Suppose a = d + 4*g + 33, g = -4*d - 21. Let n be 3*9 - (d - -6). Calculate the greatest common divisor of 10 and n.
5
Suppose -w = -592 - 209. What is the greatest common factor of w and 9?
9
Let w(l) = -l**2 - 26*l - 20. Let x be w(-23). Calculate the greatest common factor of 1 and x.
1
Suppose -5*q + 0*q = 5. Let v(d) = -6*d + 4. Let j(l) = 13*l - 5. Let x(k) = -5*j(k) - 6*v(k). Let p be x(q). Calculate the greatest common factor of p and 20.
10
Suppose 0 = 3*v + 3 - 27. Suppose -2*n - 2 + v = 0. Suppose 8*m - n*m + 14 = -k, k - 4*m - 22 = 0. Calculate the highest common divisor of 3 and k.
3
Let j = -7 - -13. Suppose -l + 5*h = -50, 0 = 3*h - 6*h - j. What is the highest common divisor of 16 and l?
8
Suppose -5*x - 8 = -3*x, 3*g + 2*x = -8. Suppose g*c + 3*c - 10 = -t, 3*c - 85 = -4*t. Let z = 20 - -5. Calculate the highest common divisor of t and z.
25
Let i be (-1)/4 - (-6138)/72. Calculate the highest common factor of i and 34.
17
Let d = -868 - -1564. What is the highest common factor of d and 48?
24
Suppose 0 = -7*x + 2*x + 105. Let w = -178 - -325. What is the highest common factor of x and w?
21
Let y be 3*(-247 - 0)*(-3)/3. What is the greatest common factor of y and 57?
57
Let o = -783 + 931. Calculate the greatest common divisor of o and 333.
37
Let w(f) = 9*f**2 + 7*f + 31. Let o(c) = -4*c**2 - 4*c - 15. Let m(q) = -7*o(q) - 3*w(q). Let t be m(-7). What is the highest common factor of 12 and t?
12
Suppose -16*l = -18*l - 16. Let o(k) = -5*k + 8. Let t be o(l). Calculate the highest common factor of 72 and t.
24
Let g(b) = -b**3 + 9*b**2 - 5*b - 9. Let o = -19 + 27. Let u be g(o). What is the highest common divisor of 5 and u?
5
Let b be (12/(-15))/((-2)/280). Suppose -n - 8 = -3*n. Suppose 6*d = d, n*d = -5*i + 70. Calculate the highest common factor of b and i.
14
Let q(k) = -k**3 - 7*k**2 - 8*k - 28. Let l be q(-7). Suppose 1232 = 2*f + 2*f. What is the highest common divisor of f and l?
28
Let d be 78/117*(2 + 40). What is the greatest common divisor of d and 812?
28
Suppose -6*t = -15*t + 1656. Suppose 5*z + 21 = 2*k, 3*z + 112 = 4*k + 7*z. Calculate the highest common divisor of t and k.
23
Let v = 50 - 40. Suppose 0 = 4*z - g + 2*g - 59, -2*z + g = -31. Calculate the greatest common divisor of z and v.
5
Let j = 53 - 37. Suppose -4*a = -3*o - j, -2*a = o + 2*a. Let q be o/(4 - (-37)/(-9)). What is the greatest common divisor of q and 4?
4
Let q(f) = f**3 - 11*f**2 + 11*f - 12. Let x be q(10). Let h be (-81)/6*x - 1. Let s = h - 11. Calculate the highest common factor of 135 and s.
15
Let p(i) = -132*i. Let n be p(-1). Suppose 4*o - 1 = 3, o - 37 = -3*s. Calculate the greatest common factor of s and n.
12
Let m = -7 - -12. Suppose -5*j - 7 = 18, m = 5*r + 2*j. Let a be 468/28 - 2 - (-6)/21. Calculate the highest common factor of a and r.
3
Let c be 6/24 + (-702)/(-8). Let n be (-50)/(-6) - 3/9. Calculate the highest common factor of n and c.
8
Let g(s) = s**2 - 6*s - 4. Let l be g(7). Let f(y) = 191*y - 187*y + 1 - 6. Let z be f(5). Calculate the highest common factor of z and l.
3
Let i(y) = y + 37. Let m be i(-13). What is the greatest common factor of m and 192?
24
Suppose 5*o - 58 = -2*w, -o + 58 = 6*w - 4*w. Calculate the highest common factor of 203 and w.
29
Let c(g) = 2*g**3 + 15*g**2 + 16*g + 6. Let u be c(-6). What is the highest common factor of u and 9?
9
Let m be 2/(2 + 56/(-29)) - -1. What is the greatest common divisor of m and 270?
30
Let b = 1 + -13. Let v = -44 + 31. Let r = b - v. Calculate the highest common divisor of r and 2.
1
Let u = 32 - 16. Suppose 0 = -8*r + 5*r + 96. What is the greatest common divisor of u and r?
16
Let p = -1 - -11. Let y(u) = u**3 + 24*u**2 + 37*u - 46. Let r be y(-22). Let k be r/p - (-12)/60. Calculate the highest common factor of k and 99.
11
Let b be (-22)/8 + 18/24 + 44. Suppose -g - g = 2*r - 22, g - 5 = -3*r. What is the highest common divisor of b and g?
14
Suppose 6 = 5*g - 4, 0 = -2*n - 3*g + 270. Suppose 54 = 5*z - 2*y, 22*z - 23*z - 5*y + 27 = 0. What is the greatest common factor of n and z?
12
Let r = -118 - -189. Let a = r - 51. Calculate the greatest common divisor of 80 and a.
20
Suppose -c = 2*c + 3, 3*n - 4*c = 400. Let v(y) = 6*y + 2 + 2*y**3 - 2*y**2 - 5*y + 0*y. Let t be v(2). Calculate the greatest common divisor of n and t.
12
Let s be -3 + 5 - (-4 - (0 - -15)). Calculate the highest common divisor of s and 42.
21
Let n = 2195 + -2152. Calculate the highest common divisor of 2666 and n.
43
Let n be -3 - -2*1 - -3. Suppose n = -3*q + 11. Suppose -90 = -7*p + 120. What is the highest common divisor of q and p?
3
Let s(j) = 36*j**2 - 8*j - 9. Let k be s(-1). What is the highest common factor of 15 and k?
5
Suppose 2*f = -4*v + 446, -3*v - 4*f - 98 = -4*v. Suppose 0 = 4*i - v + 6. Calculate the highest common factor of i and 39.
13
Let s = 608 + -319. Let f = s - 179. What is the greatest common factor of 22 and f?
22
Let s(l) = -l**2 - 16*l + 2. Let x be s(-5). Let z be (19/(-2))/((-6)/12). What is the greatest common factor of z and x?
19
Let b = 6 - 0. Let w(v) = -v + 8. Let q be w(b). Suppose -t + 3 = q. What is the highest common factor of t and 3?
1
Suppose 3*w - w = -2*z + 110, -180 = -4*w + 4*z. Let a be 9/(-5*(-15)/w). What is the highest common divisor of 8 and a?
2
Let z = 821 - 329. Calculate the greatest common divisor of z and 36.
12
Suppose -d - 4*x + 7*x + 837 = 0, -4*d + 5*x + 3348 = 0. Calculate the greatest common divisor of 9 and d.
9
Let j(l) = 2*l**2 + 7*l - 10. Let x be j(-9). Suppose 0 = 5*n - z - 154, -5*n = -2*n - 4*z - x. Calculate the highest common factor of 31 and n.
31
Suppose -5*q - 185 + 1355 = 0. Let u = 1 + -7. Let h be (u/(-4))/((-3)/(-52)). What is the greatest common divisor of q and h?
26
Let b be 6/4*(-80)/(-6). Suppose -5*d = -b + 5, 0 = t + 5*d - 135. Suppose -h - t = -5*h. What is the highest common divisor of 45 and h?
15
Let f be ((-16)/(-20))/(294/(-150) + 2). Calculate the greatest common factor of f and 10.
10
Let f be (0 + 80/8)/(-1 - 0). Let n(u) = -u + 24. Let r be n(f). Calculate the highest common factor of 102 and r.
34
Suppose 539 = 3*i - 109. Let q = 44 - 36. Calculate the greatest common factor of i and q.
8
Suppose -2*x + 276 = -4*m, -5*x + m = -738 + 21. What is the greatest common factor of x and 128?
16
Suppose 0 = -3*a - 0*x - 2*x + 49, -4*x = 4*a - 72. Let l = -294 + 359. Calculate the greatest common factor of l and a.
13
Suppose -5*k = -3*j - 10, -4*j + 5 = 3*k - 6*k. Let z = 1 - 1. Suppose i + 5 = 5*p - 0*i, -4*p + 2*i + 4 = z. What is the greatest common divisor of k and p?
1
Let k be (-3 - -33)*(51/9 + -1). Calculate the highest common divisor of k and 60.
20
Let x(o) = 4*o**3 + 17*o + 4. Let n be x(5). What is the highest common factor of 31 and n?
31
Suppose s = -2*s + 72. Let f be ((-1)/4 - (-102)/s) + -3. Let p = -18 - -25. What is the highest common factor of f and p?
1
Let x(j) = -5*j - 3. Let s be x(-2). Suppose 53 = 4*p - s. What is the highest common factor of 6 and p?
3
Suppose 0 = -2*h - 0*h - 8. Let u be 18/h*(-10)/15. What is the greatest common divisor of 6 and u?
3
Let t(m) = -m**3 + 16*m**2 - 59*m - 11. Let v be t(7). Calculate the greatest common factor of v and 1513.
17
Let h(y) = -3*y + 21. Let c be h(9). Let l(g) = -7*g - 16. Let x be l(c). Let i = -130 + 208. What is the highest common factor of i and x?
26
Suppose -h = -2*c + 3*h + 44, -c = -3*h - 27. What is the highest common factor of c and 102?
6
Suppose -30 = -33*a + 32*a. Calculate the greatest common factor of a and 30.
30
Suppose -55*m - 114 = -58*m. Let h(r) = 2*r + 6. Let p be h(-4). Let j(y) = -12*y**3 + y 